{"id":663,"date":"2020-07-24T11:37:25","date_gmt":"2020-07-24T09:37:25","guid":{"rendered":"https:\/\/www.sciencespo.fr\/research\/migration-diversite\/home\/?page_id=663"},"modified":"2021-03-05T15:00:12","modified_gmt":"2021-03-05T14:00:12","slug":"mentions-legales","status":"publish","type":"page","link":"https:\/\/www.sciencespo.fr\/research\/migration-diversite\/home\/mentions-legales\/","title":{"rendered":"Mentions l\u00e9gales"},"content":{"rendered":"\t\t<div data-elementor-type=\"wp-page\" data-elementor-id=\"663\" class=\"elementor elementor-663\" data-elementor-settings=\"[]\">\n\t\t\t\t\t\t<div class=\"elementor-inner\">\n\t\t\t\t\t\t\t<div class=\"elementor-section-wrap\">\n\t\t\t\t\t\t\t<section class=\"elementor-section elementor-top-section elementor-element elementor-element-f92c8f8 elementor-section-boxed elementor-section-height-default elementor-section-height-default\" data-id=\"f92c8f8\" data-element_type=\"section\">\n\t\t\t\t\t\t<div class=\"elementor-container elementor-column-gap-default\">\n\t\t\t\t\t\t\t<div class=\"elementor-row\">\n\t\t\t\t\t<div class=\"elementor-column elementor-col-100 elementor-top-column elementor-element elementor-element-c7fe263\" data-id=\"c7fe263\" data-element_type=\"column\">\n\t\t\t<div class=\"elementor-column-wrap elementor-element-populated\">\n\t\t\t\t\t\t\t<div class=\"elementor-widget-wrap\">\n\t\t\t\t\t\t<div class=\"elementor-element elementor-element-0dbd868 elementor-widget elementor-widget-heading\" data-id=\"0dbd868\" data-element_type=\"widget\" data-widget_type=\"heading.default\">\n\t\t\t\t<div class=\"elementor-widget-container\">\n\t\t\t<h2 class=\"elementor-heading-title elementor-size-default\">Mentions l\u00e9gales<\/h2>\t\t<\/div>\n\t\t\t\t<\/div>\n\t\t\t\t\t\t<\/div>\n\t\t\t\t\t<\/div>\n\t\t<\/div>\n\t\t\t\t\t\t\t\t<\/div>\n\t\t\t\t\t<\/div>\n\t\t<\/section>\n\t\t\t\t<section class=\"elementor-section elementor-top-section elementor-element elementor-element-c7a2b29 elementor-section-boxed elementor-section-height-default elementor-section-height-default\" data-id=\"c7a2b29\" data-element_type=\"section\">\n\t\t\t\t\t\t<div class=\"elementor-container elementor-column-gap-default\">\n\t\t\t\t\t\t\t<div class=\"elementor-row\">\n\t\t\t\t\t<div class=\"elementor-column elementor-col-100 elementor-top-column elementor-element elementor-element-0e2676f\" data-id=\"0e2676f\" data-element_type=\"column\">\n\t\t\t<div class=\"elementor-column-wrap elementor-element-populated\">\n\t\t\t\t\t\t\t<div class=\"elementor-widget-wrap\">\n\t\t\t\t\t\t<div class=\"elementor-element elementor-element-9b3ae71 elementor-widget elementor-widget-text-editor\" data-id=\"9b3ae71\" data-element_type=\"widget\" data-widget_type=\"text-editor.default\">\n\t\t\t\t<div class=\"elementor-widget-container\">\n\t\t\t\t\t<div class=\"elementor-text-editor elementor-clearfix\"><p>Le contenu de ce site internet est mis \u00e0 disposition par :<\/p><div><p>La direction scientifique de Sciences Po<br \/>27, rue Saint-Guillaume<br \/>75337 Paris Cedex 07<br \/>Tel. : 01 45 49 50 50<br \/>Fax. : 01 42 22 31 26<\/p><\/div><h3>Comit\u00e9 de pilotage<\/h3><ul><li><a href=\"https:\/\/www.sciencespo.fr\/centre-etudes-europeennes\/fr\/chercheur\/virginie-guiraudon\">Virginie Guiraudon<\/a>, directrice de recherche CNRS, affili\u00e9e au CEE (virginie.guiraudon@sciencespo.fr)\u00a0<\/li><li><a href=\"https:\/\/www.sciencespo.fr\/ceri\/fr\/cerispire-user\/13161\/14567\">H\u00e9l\u00e8ne Le Bail<\/a>, charg\u00e9e de recherche CNRS, affili\u00e9e au CERI (helene.lebail@sciencespo.fr)<\/li><li>Christophe Pouly, avocat, Ecole de droit de Sciences Po (christophe.pouly@sciencespo.fr)<\/li><li><a href=\"https:\/\/www.sciencespo.fr\/osc\/en\/node\/1156.html\">Mirna Safi<\/a>, associate professor \u00e0 Sciences Po, directrice de l\u2019OSC (mirna.safi@sciencespo.fr)<\/li><li><a href=\"https:\/\/www.sciencespo.fr\/ceri\/fr\/cerispire-user\/7130\/1612\">H\u00e9l\u00e8ne Thiollet<\/a>, charg\u00e9e de recherche CNRS, affili\u00e9e au CERI (helene.thiollet@sciencespo.fr)<\/li><\/ul><div><h3>H\u00e9bergement<\/h3><p>Ce site internet est h\u00e9berg\u00e9 par la Fondation Nationale des Sciences Politiques (FNSP),<br \/>Sciences Po \u2013 Direction des Syst\u00e8mes d\u2019Information<br \/>Code APE : 803Z<br \/>27, rue saint Guillaume<br \/>75337 Paris cedex 07<\/p><h3>Propri\u00e9t\u00e9 industrielle et intellectuelle<\/h3><p>Toutes les informations reproduites dans ce site web (textes, logos\u2026) sont prot\u00e9g\u00e9es par des droits de propri\u00e9t\u00e9 intellectuelle d\u00e9tenus par Sciences Po, par ses partenaires.<br \/>Les photographies ne peuvent pas \u00eatre r\u00e9utilis\u00e9es sans l\u2019autorisation de leurs auteurs mentionn\u00e9s dans les copyrights.<br \/>Par cons\u00e9quent, aucune de ces informations ne peut \u00eatre reproduite, modifi\u00e9e, rediffus\u00e9e, traduite, exploit\u00e9e commercialement ou r\u00e9utilis\u00e9e de quelque mani\u00e8re que ce soit sans l\u2019accord pr\u00e9alable et \u00e9crit de Sciences Po.<br \/>Le titre, la conception, la forme du site Migration &amp; Diversit\u00e9 mais aussi son contenu tels que les actualit\u00e9s, descriptions, illustrations et images originales et leur organisation, ainsi que toute compilation de logiciels, code source fondamental et autres \u00e9l\u00e9ments contenus sur le site Migration &amp; Diversit\u00e9 sont la propri\u00e9t\u00e9 de Sciences Po .<\/p><h3>Les liens hypertextes<\/h3><p>Nos pages web proposent \u00e9galement des liens vers d\u2019autres sites pour lesquels nous ne sommes responsables ni de leur int\u00e9gral respect aux normes d\u2019ordre public et bonnes m\u0153urs, d\u2019une part, ni de leur politique de protection des donn\u00e9es personnelles ou d\u2019utilisation qui en seraient faites, d\u2019autre part.<br \/>En acc\u00e9dant \u00e0 un autre site, par l\u2019interm\u00e9diaire d\u2019un lien hypertexte, vous acceptez que cet acc\u00e8s s\u2019effectue \u00e0 vos risques et p\u00e9rils. En cons\u00e9quence, tout pr\u00e9judice direct ou indirect r\u00e9sultant de votre acc\u00e8s \u00e0 un autre site reli\u00e9 par un lien hypertexte ne peut engager la responsabilit\u00e9 de Sciences Po.<\/p><\/div><\/div>\n\t\t\t\t<\/div>\n\t\t\t\t<\/div>\n\t\t\t\t\t\t<\/div>\n\t\t\t\t\t<\/div>\n\t\t<\/div>\n\t\t\t\t\t\t\t\t<\/div>\n\t\t\t\t\t<\/div>\n\t\t<\/section>\n\t\t\t\t\t\t<\/div>\n\t\t\t\t\t\t<\/div>\n\t\t\t\t\t<\/div>\n\t\t","protected":false},"excerpt":{"rendered":"<p>Mentions l\u00e9gales Le contenu de ce site internet est mis \u00e0 disposition par : La direction scientifique de Sciences Po 27, rue Saint-Guillaume 75337 Paris Cedex 07 Tel. : 01 45 49 50 50 Fax. : 01 42 22 31 26 Comit\u00e9 de pilotage Virginie Guiraudon, directrice de recherche CNRS, affili\u00e9e au CEE (virginie.guiraudon@sciencespo.fr)&nbsp; H\u00e9l\u00e8ne Le Bail, charg\u00e9e de recherche CNRS, affili\u00e9e au CERI (helene.lebail@sciencespo.fr) Christophe Pouly, avocat, Ecole de droit de Sciences Po (christophe.pouly@sciencespo.fr) Mirna Safi, associate professor \u00e0 Sciences Po, directrice de l\u2019OSC (mirna.safi@sciencespo.fr) H\u00e9l\u00e8ne Thiollet, charg\u00e9e de recherche CNRS, affili\u00e9e au CERI (helene.thiollet@sciencespo.fr) H\u00e9bergement Ce site internet<span class=\"excerpt-hellip\"> [\u2026]<\/span><\/p>\n","protected":false},"author":3,"featured_media":0,"parent":0,"menu_order":0,"comment_status":"closed","ping_status":"closed","template":"","meta":[],"_links":{"self":[{"href":"https:\/\/www.sciencespo.fr\/research\/migration-diversite\/home\/wp-json\/wp\/v2\/pages\/663"}],"collection":[{"href":"https:\/\/www.sciencespo.fr\/research\/migration-diversite\/home\/wp-json\/wp\/v2\/pages"}],"about":[{"href":"https:\/\/www.sciencespo.fr\/research\/migration-diversite\/home\/wp-json\/wp\/v2\/types\/page"}],"author":[{"embeddable":true,"href":"https:\/\/www.sciencespo.fr\/research\/migration-diversite\/home\/wp-json\/wp\/v2\/users\/3"}],"replies":[{"embeddable":true,"href":"https:\/\/www.sciencespo.fr\/research\/migration-diversite\/home\/wp-json\/wp\/v2\/comments?post=663"}],"version-history":[{"count":5,"href":"https:\/\/www.sciencespo.fr\/research\/migration-diversite\/home\/wp-json\/wp\/v2\/pages\/663\/revisions"}],"predecessor-version":[{"id":1860,"href":"https:\/\/www.sciencespo.fr\/research\/migration-diversite\/home\/wp-json\/wp\/v2\/pages\/663\/revisions\/1860"}],"wp:attachment":[{"href":"https:\/\/www.sciencespo.fr\/research\/migration-diversite\/home\/wp-json\/wp\/v2\/media?parent=663"}],"curies":[{"name":"wp","href":"https:\/\/api.w.org\/{rel}","templated":true}]}}