{"id":3076,"date":"2025-10-08T17:58:48","date_gmt":"2025-10-08T15:58:48","guid":{"rendered":"https:\/\/www.sciencespo.fr\/research\/cities\/?page_id=3076"},"modified":"2026-03-06T12:28:31","modified_gmt":"2026-03-06T11:28:31","slug":"completed-phd-theses","status":"publish","type":"page","link":"https:\/\/www.sciencespo.fr\/research\/cities\/people\/completed-phd-theses\/","title":{"rendered":"Completed PhD theses"},"content":{"rendered":"<p>D\u00e9sint\u00e9gration sociotechnique et territoriale au Liban : le cas de l&#8217;electricit\u00e9<\/p>\n<p><a style=\"font-style: normal; font-variant-ligatures: normal; font-variant-caps: normal; font-weight: 400; font-size: 16px; font-family: Roboto, sans-serif;\" href=\"https:\/\/theses.fr\/s212446\">Alix Chaplain, CERI, 2023<\/a><\/p>\n<p>\u00a0<\/p>\n<p>L&#8217;internationalisation de la question des &#8220;bidonvilles&#8221; et ses effets sur l&#8217;action publique en Colombie et au Br\u00e9sil\u00a0<\/p>\n<p><a href=\"https:\/\/www.sciencespo.fr\/ceri\/fr\/users\/laurieservieres\">Laurie Servi\u00e8res, CERI, 2022<\/a><\/p>\n<blockquote>\n<p>Des m\u00e9tabolismes territoriaux en transformation ? Gouvernance des mat\u00e9riaux de chantier et exp\u00e9rimentations de nouvelles valorisations en Ile-de-France et dans la r\u00e9gion de Bruxelles<\/p>\n<p><a style=\"box-sizing: inherit; font-style: normal; font-variant-ligatures: normal; font-variant-caps: normal; font-weight: 400; font-size: 16px; font-family: Roboto, -apple-system, 'system-ui', 'Segoe UI', Roboto, Oxygen-Sans, Ubuntu, Cantarell, 'Helvetica Neue', sans-serif; color: #e6142d;\" href=\"https:\/\/www.sciencespo.fr\/ceri\/fr\/content\/agnes-bastin-recoit-le-prix-de-these-sur-la-ville-2023\">Agn\u00e8s Bastin, CERI, 2022<\/a><\/p>\n<\/blockquote>\n","protected":false},"excerpt":{"rendered":"<p>D\u00e9sint\u00e9gration sociotechnique et territoriale au Liban : le cas de l&#8217;electricit\u00e9 Alix Chaplain, CERI, 2023 \u00a0 L&#8217;internationalisation de la question des &#8220;bidonvilles&#8221; et ses effets sur l&#8217;action publique en Colombie et au Br\u00e9sil\u00a0 Laurie Servi\u00e8res, CERI, 2022 Des m\u00e9tabolismes territoriaux en transformation ? Gouvernance des mat\u00e9riaux de chantier et exp\u00e9rimentations de nouvelles valorisations en Ile-de-France et dans la r\u00e9gion de Bruxelles Agn\u00e8s Bastin, CERI, 2022<\/p>\n","protected":false},"author":8,"featured_media":0,"parent":29,"menu_order":6,"comment_status":"closed","ping_status":"closed","template":"","meta":{"footnotes":""},"_links":{"self":[{"href":"https:\/\/www.sciencespo.fr\/research\/cities\/wp-json\/wp\/v2\/pages\/3076"}],"collection":[{"href":"https:\/\/www.sciencespo.fr\/research\/cities\/wp-json\/wp\/v2\/pages"}],"about":[{"href":"https:\/\/www.sciencespo.fr\/research\/cities\/wp-json\/wp\/v2\/types\/page"}],"author":[{"embeddable":true,"href":"https:\/\/www.sciencespo.fr\/research\/cities\/wp-json\/wp\/v2\/users\/8"}],"replies":[{"embeddable":true,"href":"https:\/\/www.sciencespo.fr\/research\/cities\/wp-json\/wp\/v2\/comments?post=3076"}],"version-history":[{"count":2,"href":"https:\/\/www.sciencespo.fr\/research\/cities\/wp-json\/wp\/v2\/pages\/3076\/revisions"}],"predecessor-version":[{"id":3220,"href":"https:\/\/www.sciencespo.fr\/research\/cities\/wp-json\/wp\/v2\/pages\/3076\/revisions\/3220"}],"up":[{"embeddable":true,"href":"https:\/\/www.sciencespo.fr\/research\/cities\/wp-json\/wp\/v2\/pages\/29"}],"wp:attachment":[{"href":"https:\/\/www.sciencespo.fr\/research\/cities\/wp-json\/wp\/v2\/media?parent=3076"}],"curies":[{"name":"wp","href":"https:\/\/api.w.org\/{rel}","templated":true}]}}